{"id":17442,"date":"2026-08-27T11:21:54","date_gmt":"2026-08-27T09:21:54","guid":{"rendered":"https:\/\/hivefive.ad\/events\/la-cara-oculta-de-lemprenedoria\/"},"modified":"2026-08-27T11:23:20","modified_gmt":"2026-08-27T09:23:20","slug":"la-cara-oculta-de-lemprenedoria","status":"publish","type":"mec-events","link":"https:\/\/hivefive.ad\/en\/events\/la-cara-oculta-de-lemprenedoria\/","title":{"rendered":"La cara oculta de l&#8217;emprenedoria"},"content":{"rendered":"<p><strong>Tot el que succeeix entre la idea i l\u2019empresa, per\u00f2 que rarament apareix als llibres, als cursos o als discursos d\u2019\u00e8xit.<\/strong><\/p>\n<p>&#8220;La cara oculta de l\u2019emprenedoria&#8221; \u00e9s una xerrada impartida per Jorge Garc\u00e9s, CTO i Cofundador d&#8217;AUMENTIUM, on abordar\u00e0 tot all\u00f2 que passa entre una idea i la construcci\u00f3 d\u2019una empresa, posant el focus en aquells reptes, decisions i aprenentatges que rarament apareixen als llibres, cursos o discursos d\u2019\u00e8xit.<\/p>\n<p>Una mirada pr\u00e0ctica i propera a l\u2019emprenedoria, basada en l\u2019experi\u00e8ncia i pensada per a aquelles persones que estan emprenent, es plantegen fer-ho o volen con\u00e8ixer millor la realitat que hi ha darrere de crear una empresa.<\/p>\n<p>Organitza AUMENTIUM, col\u00b7labora ACTINN i HIVE FIVE COWORKING.<\/p>\n","protected":false},"excerpt":{"rendered":"<p>Tot el que succeeix entre la idea i l\u2019empresa, per\u00f2 que rarament [&hellip;]<\/p>\n","protected":false},"author":2,"featured_media":17438,"comment_status":"open","ping_status":"closed","template":"","tags":[],"mec_category":[130],"class_list":["post-17442","mec-events","type-mec-events","status-publish","has-post-thumbnail","hentry","mec_category-hive-five"],"yoast_head":"<!-- This site is optimized with the Yoast SEO plugin v28.2 - https:\/\/yoast.com\/product\/yoast-seo-wordpress\/ -->\n<title>La cara oculta de l&#039;emprenedoria | Hive Five<\/title>\n<meta name=\"robots\" content=\"index, follow, max-snippet:-1, max-image-preview:large, max-video-preview:-1\" \/>\n<link rel=\"canonical\" href=\"https:\/\/hivefive.ad\/en\/events\/la-cara-oculta-de-lemprenedoria\/\" \/>\n<meta property=\"og:locale\" content=\"en_US\" \/>\n<meta property=\"og:type\" content=\"article\" \/>\n<meta property=\"og:title\" content=\"La cara oculta de l&#039;emprenedoria | Hive Five\" \/>\n<meta property=\"og:description\" content=\"Tot el que succeeix entre la idea i l\u2019empresa, per\u00f2 que rarament [&hellip;]\" \/>\n<meta property=\"og:url\" content=\"https:\/\/hivefive.ad\/en\/events\/la-cara-oculta-de-lemprenedoria\/\" \/>\n<meta property=\"og:site_name\" content=\"Hive Five\" \/>\n<meta property=\"article:publisher\" content=\"https:\/\/www.facebook.com\/HiveFiveAd\" \/>\n<meta property=\"article:modified_time\" content=\"2026-08-27T09:23:20+00:00\" \/>\n<meta property=\"og:image\" content=\"https:\/\/hivefive.ad\/wp-content\/uploads\/2026\/08\/IG_Aumentium_setembre.png\" \/>\n\t<meta property=\"og:image:width\" content=\"1080\" \/>\n\t<meta property=\"og:image:height\" content=\"1080\" \/>\n\t<meta property=\"og:image:type\" content=\"image\/png\" \/>\n<meta name=\"twitter:card\" content=\"summary_large_image\" \/>\n<meta name=\"twitter:label1\" content=\"Est. reading time\" \/>\n\t<meta name=\"twitter:data1\" content=\"1 minute\" \/>\n<script type=\"application\/ld+json\" class=\"yoast-schema-graph\">{\"@context\":\"https:\\\/\\\/schema.org\",\"@graph\":[{\"@type\":\"WebPage\",\"@id\":\"https:\\\/\\\/hivefive.ad\\\/en\\\/events\\\/la-cara-oculta-de-lemprenedoria\\\/\",\"url\":\"https:\\\/\\\/hivefive.ad\\\/en\\\/events\\\/la-cara-oculta-de-lemprenedoria\\\/\",\"name\":\"La cara oculta de l'emprenedoria | Hive Five\",\"isPartOf\":{\"@id\":\"https:\\\/\\\/hivefive.ad\\\/es\\\/#website\"},\"primaryImageOfPage\":{\"@id\":\"https:\\\/\\\/hivefive.ad\\\/en\\\/events\\\/la-cara-oculta-de-lemprenedoria\\\/#primaryimage\"},\"image\":{\"@id\":\"https:\\\/\\\/hivefive.ad\\\/en\\\/events\\\/la-cara-oculta-de-lemprenedoria\\\/#primaryimage\"},\"thumbnailUrl\":\"https:\\\/\\\/hivefive.ad\\\/wp-content\\\/uploads\\\/2026\\\/08\\\/IG_Aumentium_setembre.png\",\"datePublished\":\"2026-08-27T09:21:54+00:00\",\"dateModified\":\"2026-08-27T09:23:20+00:00\",\"breadcrumb\":{\"@id\":\"https:\\\/\\\/hivefive.ad\\\/en\\\/events\\\/la-cara-oculta-de-lemprenedoria\\\/#breadcrumb\"},\"inLanguage\":\"en-US\",\"potentialAction\":[{\"@type\":\"ReadAction\",\"target\":[\"https:\\\/\\\/hivefive.ad\\\/en\\\/events\\\/la-cara-oculta-de-lemprenedoria\\\/\"]}]},{\"@type\":\"ImageObject\",\"inLanguage\":\"en-US\",\"@id\":\"https:\\\/\\\/hivefive.ad\\\/en\\\/events\\\/la-cara-oculta-de-lemprenedoria\\\/#primaryimage\",\"url\":\"https:\\\/\\\/hivefive.ad\\\/wp-content\\\/uploads\\\/2026\\\/08\\\/IG_Aumentium_setembre.png\",\"contentUrl\":\"https:\\\/\\\/hivefive.ad\\\/wp-content\\\/uploads\\\/2026\\\/08\\\/IG_Aumentium_setembre.png\",\"width\":1080,\"height\":1080},{\"@type\":\"BreadcrumbList\",\"@id\":\"https:\\\/\\\/hivefive.ad\\\/en\\\/events\\\/la-cara-oculta-de-lemprenedoria\\\/#breadcrumb\",\"itemListElement\":[{\"@type\":\"ListItem\",\"position\":1,\"name\":\"Inici\",\"item\":\"https:\\\/\\\/hivefive.ad\\\/\"},{\"@type\":\"ListItem\",\"position\":2,\"name\":\"Esdeveniments\",\"item\":\"https:\\\/\\\/hivefive.ad\\\/events\\\/\"},{\"@type\":\"ListItem\",\"position\":3,\"name\":\"La cara oculta de l&#8217;emprenedoria\"}]},{\"@type\":\"WebSite\",\"@id\":\"https:\\\/\\\/hivefive.ad\\\/es\\\/#website\",\"url\":\"https:\\\/\\\/hivefive.ad\\\/es\\\/\",\"name\":\"Hive Five\",\"description\":\"El teu coworking a Andorra\",\"publisher\":{\"@id\":\"https:\\\/\\\/hivefive.ad\\\/es\\\/#organization\"},\"potentialAction\":[{\"@type\":\"SearchAction\",\"target\":{\"@type\":\"EntryPoint\",\"urlTemplate\":\"https:\\\/\\\/hivefive.ad\\\/es\\\/?s={search_term_string}\"},\"query-input\":{\"@type\":\"PropertyValueSpecification\",\"valueRequired\":true,\"valueName\":\"search_term_string\"}}],\"inLanguage\":\"en-US\"},{\"@type\":\"Organization\",\"@id\":\"https:\\\/\\\/hivefive.ad\\\/es\\\/#organization\",\"name\":\"Hive Five\",\"url\":\"https:\\\/\\\/hivefive.ad\\\/es\\\/\",\"logo\":{\"@type\":\"ImageObject\",\"inLanguage\":\"en-US\",\"@id\":\"https:\\\/\\\/hivefive.ad\\\/es\\\/#\\\/schema\\\/logo\\\/image\\\/\",\"url\":\"https:\\\/\\\/hivefive.ad\\\/wp-content\\\/uploads\\\/2026\\\/04\\\/cropped-cropped-cropped-Logo_Coworking_Work_H_Colors-1-copia-scaled-1-e1775747728496.png\",\"contentUrl\":\"https:\\\/\\\/hivefive.ad\\\/wp-content\\\/uploads\\\/2026\\\/04\\\/cropped-cropped-cropped-Logo_Coworking_Work_H_Colors-1-copia-scaled-1-e1775747728496.png\",\"width\":497,\"height\":142,\"caption\":\"Hive Five\"},\"image\":{\"@id\":\"https:\\\/\\\/hivefive.ad\\\/es\\\/#\\\/schema\\\/logo\\\/image\\\/\"},\"sameAs\":[\"https:\\\/\\\/www.facebook.com\\\/HiveFiveAd\",\"https:\\\/\\\/www.instagram.com\\\/hivefivead\\\/\"]}]}<\/script>\n<!-- \/ Yoast SEO plugin. -->","yoast_head_json":{"title":"La cara oculta de l'emprenedoria | Hive Five","robots":{"index":"index","follow":"follow","max-snippet":"max-snippet:-1","max-image-preview":"max-image-preview:large","max-video-preview":"max-video-preview:-1"},"canonical":"https:\/\/hivefive.ad\/en\/events\/la-cara-oculta-de-lemprenedoria\/","og_locale":"en_US","og_type":"article","og_title":"La cara oculta de l'emprenedoria | Hive Five","og_description":"Tot el que succeeix entre la idea i l\u2019empresa, per\u00f2 que rarament [&hellip;]","og_url":"https:\/\/hivefive.ad\/en\/events\/la-cara-oculta-de-lemprenedoria\/","og_site_name":"Hive Five","article_publisher":"https:\/\/www.facebook.com\/HiveFiveAd","article_modified_time":"2026-08-27T09:23:20+00:00","og_image":[{"width":1080,"height":1080,"url":"https:\/\/hivefive.ad\/wp-content\/uploads\/2026\/08\/IG_Aumentium_setembre.png","type":"image\/png"}],"twitter_card":"summary_large_image","twitter_misc":{"Est. reading time":"1 minute"},"schema":{"@context":"https:\/\/schema.org","@graph":[{"@type":"WebPage","@id":"https:\/\/hivefive.ad\/en\/events\/la-cara-oculta-de-lemprenedoria\/","url":"https:\/\/hivefive.ad\/en\/events\/la-cara-oculta-de-lemprenedoria\/","name":"La cara oculta de l'emprenedoria | Hive Five","isPartOf":{"@id":"https:\/\/hivefive.ad\/es\/#website"},"primaryImageOfPage":{"@id":"https:\/\/hivefive.ad\/en\/events\/la-cara-oculta-de-lemprenedoria\/#primaryimage"},"image":{"@id":"https:\/\/hivefive.ad\/en\/events\/la-cara-oculta-de-lemprenedoria\/#primaryimage"},"thumbnailUrl":"https:\/\/hivefive.ad\/wp-content\/uploads\/2026\/08\/IG_Aumentium_setembre.png","datePublished":"2026-08-27T09:21:54+00:00","dateModified":"2026-08-27T09:23:20+00:00","breadcrumb":{"@id":"https:\/\/hivefive.ad\/en\/events\/la-cara-oculta-de-lemprenedoria\/#breadcrumb"},"inLanguage":"en-US","potentialAction":[{"@type":"ReadAction","target":["https:\/\/hivefive.ad\/en\/events\/la-cara-oculta-de-lemprenedoria\/"]}]},{"@type":"ImageObject","inLanguage":"en-US","@id":"https:\/\/hivefive.ad\/en\/events\/la-cara-oculta-de-lemprenedoria\/#primaryimage","url":"https:\/\/hivefive.ad\/wp-content\/uploads\/2026\/08\/IG_Aumentium_setembre.png","contentUrl":"https:\/\/hivefive.ad\/wp-content\/uploads\/2026\/08\/IG_Aumentium_setembre.png","width":1080,"height":1080},{"@type":"BreadcrumbList","@id":"https:\/\/hivefive.ad\/en\/events\/la-cara-oculta-de-lemprenedoria\/#breadcrumb","itemListElement":[{"@type":"ListItem","position":1,"name":"Inici","item":"https:\/\/hivefive.ad\/"},{"@type":"ListItem","position":2,"name":"Esdeveniments","item":"https:\/\/hivefive.ad\/events\/"},{"@type":"ListItem","position":3,"name":"La cara oculta de l&#8217;emprenedoria"}]},{"@type":"WebSite","@id":"https:\/\/hivefive.ad\/es\/#website","url":"https:\/\/hivefive.ad\/es\/","name":"Hive Five","description":"El teu coworking a Andorra","publisher":{"@id":"https:\/\/hivefive.ad\/es\/#organization"},"potentialAction":[{"@type":"SearchAction","target":{"@type":"EntryPoint","urlTemplate":"https:\/\/hivefive.ad\/es\/?s={search_term_string}"},"query-input":{"@type":"PropertyValueSpecification","valueRequired":true,"valueName":"search_term_string"}}],"inLanguage":"en-US"},{"@type":"Organization","@id":"https:\/\/hivefive.ad\/es\/#organization","name":"Hive Five","url":"https:\/\/hivefive.ad\/es\/","logo":{"@type":"ImageObject","inLanguage":"en-US","@id":"https:\/\/hivefive.ad\/es\/#\/schema\/logo\/image\/","url":"https:\/\/hivefive.ad\/wp-content\/uploads\/2026\/04\/cropped-cropped-cropped-Logo_Coworking_Work_H_Colors-1-copia-scaled-1-e1775747728496.png","contentUrl":"https:\/\/hivefive.ad\/wp-content\/uploads\/2026\/04\/cropped-cropped-cropped-Logo_Coworking_Work_H_Colors-1-copia-scaled-1-e1775747728496.png","width":497,"height":142,"caption":"Hive Five"},"image":{"@id":"https:\/\/hivefive.ad\/es\/#\/schema\/logo\/image\/"},"sameAs":["https:\/\/www.facebook.com\/HiveFiveAd","https:\/\/www.instagram.com\/hivefivead\/"]}]}},"_links":{"self":[{"href":"https:\/\/hivefive.ad\/en\/wp-json\/wp\/v2\/mec-events\/17442","targetHints":{"allow":["GET"]}}],"collection":[{"href":"https:\/\/hivefive.ad\/en\/wp-json\/wp\/v2\/mec-events"}],"about":[{"href":"https:\/\/hivefive.ad\/en\/wp-json\/wp\/v2\/types\/mec-events"}],"author":[{"embeddable":true,"href":"https:\/\/hivefive.ad\/en\/wp-json\/wp\/v2\/users\/2"}],"replies":[{"embeddable":true,"href":"https:\/\/hivefive.ad\/en\/wp-json\/wp\/v2\/comments?post=17442"}],"wp:featuredmedia":[{"embeddable":true,"href":"https:\/\/hivefive.ad\/en\/wp-json\/wp\/v2\/media\/17438"}],"wp:attachment":[{"href":"https:\/\/hivefive.ad\/en\/wp-json\/wp\/v2\/media?parent=17442"}],"wp:term":[{"taxonomy":"post_tag","embeddable":true,"href":"https:\/\/hivefive.ad\/en\/wp-json\/wp\/v2\/tags?post=17442"},{"taxonomy":"mec_category","embeddable":true,"href":"https:\/\/hivefive.ad\/en\/wp-json\/wp\/v2\/mec_category?post=17442"}],"curies":[{"name":"wp","href":"https:\/\/api.w.org\/{rel}","templated":true}]}}

<p><strong>Tot el que succeeix entre la idea i l’empresa, però que rarament apareix als llibres, als cursos o als discursos d’èxit.</strong></p>
<p>&#8220;La cara oculta de l’emprenedoria&#8221; és una xerrada impartida per Jorge Garcés, CTO i Cofundador d&#8217;AUMENTIUM, on abordarà tot allò que passa entre una idea i la construcció d’una empresa, posant el focus en aquells reptes, decisions i aprenentatges que rarament apareixen als llibres, cursos o discursos d’èxit.</p>
<p>Una mirada pràctica i propera a l’emprenedoria, basada en l’experiència i pensada per a aquelles persones que estan emprenent, es plantegen fer-ho o volen conèixer millor la realitat que hi ha darrere de crear una empresa.</p>
<p>Organitza AUMENTIUM, col·labora ACTINN i HIVE FIVE COWORKING.</p>

<p>Tot el que succeeix entre la idea i l’empresa, però que rarament [&hellip;]</p>

<!-- This site is optimized with the Yoast SEO plugin v28.2 - https://yoast.com/product/yoast-seo-wordpress/ -->
<title>La cara oculta de l&#039;emprenedoria | Hive Five</title>
<meta name="robots" content="index, follow, max-snippet:-1, max-image-preview:large, max-video-preview:-1" />
<link rel="canonical" href="https://hivefive.ad/en/events/la-cara-oculta-de-lemprenedoria/" />
<meta property="og:locale" content="en_US" />
<meta property="og:type" content="article" />
<meta property="og:title" content="La cara oculta de l&#039;emprenedoria | Hive Five" />
<meta property="og:description" content="Tot el que succeeix entre la idea i l’empresa, però que rarament [&hellip;]" />
<meta property="og:url" content="https://hivefive.ad/en/events/la-cara-oculta-de-lemprenedoria/" />
<meta property="og:site_name" content="Hive Five" />
<meta property="article:publisher" content="https://www.facebook.com/HiveFiveAd" />
<meta property="article:modified_time" content="2026-08-27T09:23:20+00:00" />
<meta property="og:image" content="https://hivefive.ad/wp-content/uploads/2026/08/IG_Aumentium_setembre.png" />
	<meta property="og:image:width" content="1080" />
	<meta property="og:image:height" content="1080" />
	<meta property="og:image:type" content="image/png" />
<meta name="twitter:card" content="summary_large_image" />
<meta name="twitter:label1" content="Est. reading time" />
	<meta name="twitter:data1" content="1 minute" />
<script type="application/ld+json" class="yoast-schema-graph">{"@context":"https:\/\/schema.org","@graph":[{"@type":"WebPage","@id":"https:\/\/hivefive.ad\/en\/events\/la-cara-oculta-de-lemprenedoria\/","url":"https:\/\/hivefive.ad\/en\/events\/la-cara-oculta-de-lemprenedoria\/","name":"La cara oculta de l'emprenedoria | Hive Five","isPartOf":{"@id":"https:\/\/hivefive.ad\/es\/#website"},"primaryImageOfPage":{"@id":"https:\/\/hivefive.ad\/en\/events\/la-cara-oculta-de-lemprenedoria\/#primaryimage"},"image":{"@id":"https:\/\/hivefive.ad\/en\/events\/la-cara-oculta-de-lemprenedoria\/#primaryimage"},"thumbnailUrl":"https:\/\/hivefive.ad\/wp-content\/uploads\/2026\/08\/IG_Aumentium_setembre.png","datePublished":"2026-08-27T09:21:54+00:00","dateModified":"2026-08-27T09:23:20+00:00","breadcrumb":{"@id":"https:\/\/hivefive.ad\/en\/events\/la-cara-oculta-de-lemprenedoria\/#breadcrumb"},"inLanguage":"en-US","potentialAction":[{"@type":"ReadAction","target":["https:\/\/hivefive.ad\/en\/events\/la-cara-oculta-de-lemprenedoria\/"]}]},{"@type":"ImageObject","inLanguage":"en-US","@id":"https:\/\/hivefive.ad\/en\/events\/la-cara-oculta-de-lemprenedoria\/#primaryimage","url":"https:\/\/hivefive.ad\/wp-content\/uploads\/2026\/08\/IG_Aumentium_setembre.png","contentUrl":"https:\/\/hivefive.ad\/wp-content\/uploads\/2026\/08\/IG_Aumentium_setembre.png","width":1080,"height":1080},{"@type":"BreadcrumbList","@id":"https:\/\/hivefive.ad\/en\/events\/la-cara-oculta-de-lemprenedoria\/#breadcrumb","itemListElement":[{"@type":"ListItem","position":1,"name":"Inici","item":"https:\/\/hivefive.ad\/"},{"@type":"ListItem","position":2,"name":"Esdeveniments","item":"https:\/\/hivefive.ad\/events\/"},{"@type":"ListItem","position":3,"name":"La cara oculta de l&#8217;emprenedoria"}]},{"@type":"WebSite","@id":"https:\/\/hivefive.ad\/es\/#website","url":"https:\/\/hivefive.ad\/es\/","name":"Hive Five","description":"El teu coworking a Andorra","publisher":{"@id":"https:\/\/hivefive.ad\/es\/#organization"},"potentialAction":[{"@type":"SearchAction","target":{"@type":"EntryPoint","urlTemplate":"https:\/\/hivefive.ad\/es\/?s={search_term_string}"},"query-input":{"@type":"PropertyValueSpecification","valueRequired":true,"valueName":"search_term_string"}}],"inLanguage":"en-US"},{"@type":"Organization","@id":"https:\/\/hivefive.ad\/es\/#organization","name":"Hive Five","url":"https:\/\/hivefive.ad\/es\/","logo":{"@type":"ImageObject","inLanguage":"en-US","@id":"https:\/\/hivefive.ad\/es\/#\/schema\/logo\/image\/","url":"https:\/\/hivefive.ad\/wp-content\/uploads\/2026\/04\/cropped-cropped-cropped-Logo_Coworking_Work_H_Colors-1-copia-scaled-1-e1775747728496.png","contentUrl":"https:\/\/hivefive.ad\/wp-content\/uploads\/2026\/04\/cropped-cropped-cropped-Logo_Coworking_Work_H_Colors-1-copia-scaled-1-e1775747728496.png","width":497,"height":142,"caption":"Hive Five"},"image":{"@id":"https:\/\/hivefive.ad\/es\/#\/schema\/logo\/image\/"},"sameAs":["https:\/\/www.facebook.com\/HiveFiveAd","https:\/\/www.instagram.com\/hivefivead\/"]}]}</script>
<!-- / Yoast SEO plugin. -->

Tot el que succeeix entre la idea i l’empresa, però que rarament [&hellip;]
